= 13*q**2 + 5*q. Let z(p) = -6*p**2 - 2*p. Let c(j) = 2*n(j) + 5*z(j). Suppose -3*k = l - 7*k - 15, -3*k = 12. Give c(l).
-4
Let l(y) be the third derivative of -y**5/60 - 7*y**4/24 - y**3/3 - 307*y**2. What is l(-5)?
8
Suppose -2*v = 2*w + 2*w + 32, 5*v = -3*w - 31. Let n(z) be the first derivative of z**4/4 + 2*z**3 - 7*z**2/2 - 199. What is n(w)?
0
Let o = -620 + 615. Let f(t) = 3*t + 3. Determine f(o).
-12
Suppose 13*b - 790 + 686 = 0. Let a(q) be the second derivative of -1/2*q**3 + 1/6*q**4 + b*q + 0 - 2*q**2. Give a(3).
5
Let v(x) be the second derivative of x**3/6 + 3*x**2/2 + x. Suppose -2*p - p - a + 34 = 0, 52 = 4*p - 2*a. Let r be ((-2)/6)/(1/p). What is v(r)?
-1
Let q(j) = -2*j**2 + 4*j - 3. Suppose -2*c = -304 + 298. Calculate q(c).
-9
Let m(l) = -7 + 12 + 4*l - 7*l**2 + l**3 - 5 - 3. Let w = 2 + 4. Suppose -2*n + n = -w. Determine m(n).
-15
Let o(h) = 77 + 15*h - 18*h - 81. Give o(-4).
8
Let s(j) = j + 19. Let q be s(-14). Suppose 4*a + q = 5*a. Suppose -4*b = 2 + 10, a*v - 4*b = 22. Let o(x) = -x - 1. Calculate o(v).
-3
Suppose 530 + 557 = 12*a + 1135. Let s(t) = t + 4*t**2 - t + t**3 + 2. Determine s(a).
2
Let c(v) = 6*v + 51. Let z be c(-8). Let g(f) = 2 - 2*f**3 + f - 5 + 3*f**3 + 2*f**2 - 5*f**2. Give g(z).
0
Let s(m) be the first derivative of -m**2/2 + 2*m - 1. Let x be (81/36)/((-2)/(-8)). Suppose -3*k + 4 - 7 = -w, 5*k - x = -3*w. What is s(w)?
-1
Let b = -8 - -15. Let v(m) be the third derivative of -m**4/24 + 5*m**3/2 + 242*m**2 - 4*m. What is v(b)?
8
Let p(c) = 9*c + 14 + c - 7*c. Calculate p(-10).
-16
Let x(j) be the second derivative of -j**3/6 + 4*j**2 - 37*j - 31. Let p(t) = t - 1. Let i be p(1). Suppose 2*n + 14 = s - i*n, -s + n + 10 = 0. Calculate x(s).
2
Let a(f) = -5*f - 2. Let q = -35 + 36. Calculate a(q).
-7
Suppose -2*k = 2 + 2. Let p(w) = -2 + 59*w - 58*w + 3 - 3. Calculate p(k).
-4
Let y(q) = 2 - 86*q**2 + 5*q - 87*q**2 + 176*q**2. Calculate y(-3).
14
Let p(r) = 3*r**2 + 2*r + 1. Let g be ((-6)/9)/(2/(-3)). Let t be 3 - -2 - g*3. Suppose -x - t = -3*u - 4, 3*u = 4*x + 1. What is p(u)?
2
Let l(q) be the first derivative of -11 - 1/2*q**2 - q. What is l(-7)?
6
Let u(h) = -2*h - 5. Let o(m) = 6*m + 17. Let c(w) = 2*o(w) + 7*u(w). Let v be 1 - (2 - 3) - 5. Calculate c(v).
5
Let r(l) = 2*l + 9. Let f be r(0). Suppose -2*p - q = f, -3*p - 17 = -2*p + 3*q. Let z(u) = 7*u + 2. Determine z(p).
-12
Let v(b) = -b**2 - 9*b - 8. Let s be v(-9). Let x = -3 - s. Suppose -4*m = -x*c + 6, 0*m - 12 = -5*c - 2*m. Let i(n) = -2*n + 3. What is i(c)?
-1
Let z(l) = 2*l**2 + 2*l + 2. Let o(a) = 1 + a**3 - 7*a**3 + a**3 + 4*a**3 - a**2 - a. Let t(i) = -o(i) - z(i). Determine t(0).
-3
Suppose -2*f - 2*g = 2*f - 80, -126 = -5*f + 4*g. Suppose -5*d = 25, -j - 2*d - f = 3*d. Let k(u) = 0*u**2 - u - 3*u**2 + u**j + 2*u**2 + 3. What is k(0)?
3
Suppose 0 = 2*v - 6, 3*p - v + 21 = -0*p. Let z(i) = -4*i**2 - 14*i + 14. Let t(y) = 2*y**2 + 7*y - 7. Let l(c) = -5*t(c) - 3*z(c). Calculate l(p).
23
Let v = -211 + 209. Let q(k) = -k + 2. Let t(p) = p + 5. Let o(z) = -6*z - 26. Let c(d) = -4*o(d) - 22*t(d). Let x(y) = -3*c(y) - 8*q(y). Determine x(v).
-2
Let i(f) = 8*f - 10. Let k be i(2). Suppose -k*n + 12 = -10*n. Let g(m) = m**2 + 5*m + 2. What is g(n)?
-4
Let w(v) = -47 - 48 - 39 - 6*v - 41 + 179. Determine w(6).
-32
Suppose 328*j = 341*j - 26. Let q(a) = -6*a**2 - 2*a - 1. Determine q(j).
-29
Let w = 96 - 98. Let n(d) = -3*d**2 - 2*d. Give n(w).
-8
Let n = 56 + -50. Let c(g) be the first derivative of g**4/12 - 3*g**3/2 + g**2 - 3. Let x(l) be the second derivative of c(l). What is x(n)?
3
Let m be 1*(22/(-2) + 1). Let o be (-35)/m - 2/4. Let n(f) = 1 - 2*f**2 + o*f**2 + 6*f - 6. Calculate n(-6).
-5
Let r(j) = -j**3 - 2*j**2 + j + 38. Let m(d) = d**3 + d**2 - 1. Let v(a) = -2*m(a) - r(a). What is v(0)?
-36
Let s(d) = 8*d**2 + 5*d - 4. Let r(x) = 28 + 6*x + 3*x**2 + 4*x**2 - 33. Let a(u) = -4*r(u) + 5*s(u). Give a(1).
13
Let y(p) = p + 6. Let b be y(-4). Let m be (-5)/b*24/(-15). Let j(x) = -m*x**2 + 6*x - 5 - 3*x**2 + 8*x**2. Give j(-4).
-13
Let n(q) = 12*q + 11. Let i(p) = 14*p + 13. Let w(j) = 4*i(j) - 5*n(j). Give w(4).
-19
Suppose 0*m + 2*h + 16 = 3*m, 0 = -3*m + 4*h + 26. Let p(r) be the first derivative of r**3 - 3*r**2/2 + r + 238. Calculate p(m).
7
Let d = 1313 + -1327. Let z(s) = -s**2 - 15*s - 5. What is z(d)?
9
Suppose 5*m = 5*x - x + 25, 2*m = -x - 3. Let w(q) = 12*q**2 - 1. Give w(m).
11
Let b(p) = -41 - 16*p + 4*p + p**2 + 22*p + 35. Calculate b(-10).
-6
Let m(d) = -2*d + 2*d - 4 - 3*d. Give m(-3).
5
Let m be (-30)/(-9) + 5/(-15). Suppose 0 = -5*x + m*x - 6. Let u(f) be the third derivative of f**4/24 - f**3/3 - 2*f**2. What is u(x)?
-5
Let j(q) be the third derivative of -q**6/120 + q**5/30 + q**4/24 + q**3/6 + 5*q**2 - 4. Determine j(3).
-5
Let h be (2 - 0/(-2)) + -3. Let n(b) = 6*b**2 - 4*b - 3. Let u be 8/(-6)*(18 - 15). Let o(a) = -a - 1. Let k(q) = u*o(q) + n(q). Give k(h).
7
Let k(s) = s**3 - s**2 + s - 1. Suppose -3*l = 2*x + 3, -x - 3 = 5*l - 5. What is k(l)?
0
Let k(d) = -8*d + d**2 - 3*d**2 - d + 14*d - 8*d + 3. Calculate k(-3).
-6
Let a(o) be the first derivative of 1/2*o**2 + 11*o - 27. Calculate a(0).
11
Let l(f) = 5*f. Let z(v) = -19*v - 2. Let y(d) = -9*l(d) - 2*z(d). Give y(1).
-3
Let l(s) = 2*s**3 - 12*s + 6*s - 3 + 4*s**2 + 0*s**3 - 5 - s**3. Determine l(-6).
-44
Let a(v) = -3*v**2 + 3*v**2 - v**2 + 4 - v**3. Suppose 5*h = 9*h + 9*h. Calculate a(h).
4
Let n(m) be the third derivative of -2*m**2 + 0*m + 0 + 1/6*m**3 - 1/12*m**4. Give n(4).
-7
Let n be (-7)/(-2)*72/14. Let t be 12/n + 20/6. Let i(b) = 8*b + b**3 + 12*b**2 - 5*b**2 - t - 2 + 9. Determine i(-6).
-9
Let o(i) = 2*i + 1. Let l(s) = 17*s. Let v(z) = -2*l(z) + 18*o(z). Give v(-8).
2
Suppose 5*k = 20*j - 19*j, -3*k + 8 = j. Let m(p) = p - 2. Give m(j).
3
Let d(f) = 8*f - 8. Let a(k) = -k**2 - 44*k - 77. Let w be a(-42). What is d(w)?
48
Let z(h) = 18*h**2 + 18*h**2 - 3 + 4*h**2 + 15*h**2 - 54*h**2 + h. What is z(0)?
-3
Let w(d) = d**3 - 4*d**2 - d - 7. Let t(l) = -l - 17. Let y be t(-4). Let s be (y/2 - -4)*-2. Determine w(s).
13
Let t(l) = -l**2 + 3*l - 1. Let c(b) = -6*b + 129. Let x be c(22). What is t(x)?
-19
Let c(r) = -23*r**2 + 7 - 4*r - 4 + 17*r**2 - 4 + 8*r. Determine c(3).
-43
Suppose -4*h + 10 = -9*h, 2*h + 7 = v. Let a(o) = -1 - v*o + o**2 - 2*o - 7 + 2. Let f = 15 - 9. What is a(f)?
0
Let h(y) = y**2 + 3*y. Suppose 4*q - 4*b - 44 = 0, -b - 25 + 2 = -3*q. Suppose q + 6 = -2*f. Let k be 27/(-6)*(-4)/f. What is h(k)?
0
Let i(b) be the second derivative of -b**3/3 - 19*b**2/2 - b - 7. Give i(-9).
-1
Suppose 3*f + 1 + 0 = j, 0 = 5*j + 2*f - 22. Let u(v) = j + 1 + v - 6*v + 4*v. Determine u(-5).
10
Let y = 1 + 3. Suppose -y*v + 42 = 2. Let m(l) = -l**3 - 8 - v*l + 10*l. Give m(0).
-8
Let a(f) = -f**3 - 10*f**2 - 9*f + 2. Let l = 244 + -253. Determine a(l).
2
Let v(d) = -14*d + 10 + 4 + 32*d - 10*d - 7*d. What is v(-7)?
7
Let v(s) = -s**2 + 9*s - 7. Let r(k) = -k**2 + 9*k - 6. Let c(l) = 4*r(l) - 5*v(l). What is c(5)?
-9
Let p = -4 - -6. Let w(l) = -p + 14*l + 5*l - 18*l + 5. Let f = 1 - 4. Calculate w(f).
0
Let a(m) = -21*m**3 - 2*m + m**2 + 22*m**3 + 0*m**2. Let p be a(-2). Let j(k) be the first derivative of -k**3/3 + k**2/2 - 8*k + 5. Calculate j(p).
-8
Suppose 3*m - 16 = 4*m - g, -4 = -m - 4*g. Let y(b) = -b**2 - 11*b + 9. Give y(m).
-3
Let c(n) = n + 13. Let b(j) = -j - 12. Suppose -2*a = 5*k - 0*a + 47, -a = -4. Let g = 6 + k. Let o(i) = g*b(i) - 4*c(i). Calculate o(-6).
2
Let j(l) = 2*l + 10. Let b(u) = -4*u + 2. Let t be b(0). Suppose 5*g + 45 + t = 3*y, -5*g - 55 = -5*y. Determine j(g).
-4
Let d(n) be the second derivative of n**3/3 + 4*n. Let a(s) = -s**2 + 3. Let y be a(0). Give d(y).
6
Let g(o) be the first derivative of -3*o**2/2 + 3*o - 40. Let u(w) be the first derivative of w**2 - 7*w + 2. Let p be u(6). What is g(p)?
-12
Let w(k) = -k - 5. Let m(r) = -3*r + 5. Let u(g) = m(g) + 4*w(g). Determine u(-10).
55
Let z(q) be the first derivative of q**3/3 - q**2/2 - 5*q + 322. What is z(-2)?
1
Let h(t) = -t**2 + 6*t + 2*t**2 - 2*t**2 + 2. Let j(x) = x + 6. Let a be j(1). Suppose 87*c = 88*c - a. Calculate h(c).
-5
Let m(z) = -z - 12. Let k be m(-15). Let p(a) = -4 - 5*a**2 + k*a**2 - 5*a + a**2 + 0*a**2. Determine p(-6).
-10
L